f) be the first derivative of f**3/3 + 2*f**2 + 3*f + 11. Let h be p(-2). Let c be -2 - (-4 + (h - 3)). Calculate the greatest common factor of 9 and c.
3
Suppose -325 = 66*a - 405 - 2560. What is the greatest common factor of a and 13820?
20
Let y = 503 - 486. Let f(i) = -i**2 + 42*i - 9. Let q be f(y). Calculate the greatest common divisor of q and 32.
32
Suppose 2*w = w - d + 28, 0 = -3*w - 5*d + 88. Let l(f) = 5*f + 182. Let z = -136 + 100. Let v be l(z). What is the greatest common divisor of v and w?
2
Let f be (4/10)/((-37)/(-23125)). Suppose 0 = 4*r - 1422 - f. Suppose 3*j + j - 155 = -3*n, -j + 4*n = -34. Calculate the greatest common divisor of j and r.
38
Let w(x) = 6*x**2 - 7*x - 2. Let g be (1 + 4)/(35/14). Let a be w(g). Suppose 14*j - 5*j - 72 = 0. Calculate the greatest common factor of j and a.
8
Suppose -j - 21 = -8*j. Let x be 33/(-55) - j/((-15)/98). Suppose x = -s + 22. Calculate the greatest common factor of 15 and s.
3
Let d(g) = -9432*g**3 - g**2 + 19*g + 22. Let z be d(-1). Calculate the highest common divisor of 178 and z.
178
Suppose 73 = 4*j - 3*p - 110, -p + 44 = j. Let y = 42 + -59. Let d = y + 32. Calculate the highest common divisor of j and d.
15
Let m(l) = l**3 + l**2 - 3*l + 2. Let x be m(1). Let v(z) = 0*z + 7*z**2 + 3 + x - z + 6. Let t be v(-5). What is the greatest common factor of 38 and t?
38
Suppose s - 40425 = -104*s. Calculate the greatest common factor of 154 and s.
77
Suppose 3*p - 3*t = 1191, 2*p + 2*t = 5*p - 1194. Let q = 454 - p. What is the highest common factor of 126 and q?
18
Let t be (-1)/(5/(-35)) + -84. Let l = 131 + t. Calculate the highest common divisor of 378 and l.
54
Suppose -c + o = -3, c + 3 = 4*c - o. Suppose s - 28 - 4 = c. Let l be 0 + s + (-18 - -20). What is the highest common factor of l and 204?
34
Let b(f) = -2*f**3 + 48*f**2 - 220*f - 3. Let w be b(7). What is the greatest common divisor of w and 4223?
41
Suppose -5 = 31*b - 26*b. Let c(y) = -58*y**3 - y + 1. Let g be c(b). Calculate the highest common factor of g and 84.
12
Suppose -o - 6 = -14*n + 13*n, -3*o = -5*n + 36. Let f(q) = 3*q + 10 + 2 - q**3 + q**2 + 9*q**2. Let r be f(n). What is the highest common factor of 24 and r?
24
Suppose 5*w + 2*n - 477 = 0, -8*n + 4*n - 186 = -2*w. Suppose w = 17*h - 75. What is the greatest common factor of 50 and h?
10
Let y be (1 + 50)*19/57. Suppose -2*m = -4*q - 60, y = -5*m - 3*q + 154. Calculate the highest common factor of m and 7.
7
Let u(g) = -g**3 - 190*g**2 - 187*g + 412. Let v be u(-189). Let b be 916 + (-2)/((-1)/1). Calculate the greatest common divisor of v and b.
34
Let w(d) = 16*d**2 - 1154*d + 234. Let v be w(72). Calculate the greatest common factor of 130 and v.
10
Let d be 219164/119 + (4 - 234/63). Calculate the highest common factor of d and 11359.
307
Let d be 90/(-4)*8/(-10). Let s(t) = t**2 - 13*t + 52. Let y be s(-7). Let n be (3 + (5 - 128))*y/(-80). What is the greatest common factor of n and d?
18
Let i(x) = 4*x**3 + x**2 - 5*x + 140. Let v be i(0). What is the highest common divisor of 294 and v?
14
Let k = 56 - 50. Suppose -k*c = -85 - 71. Suppose -2*t - 2 = 0, 3 + c = 4*z + 3*t. What is the highest common factor of 16 and z?
8
Let j be (1 - 3079)*(-354)/236. What is the greatest common factor of 114 and j?
57
Suppose 2*p + 3*q = 370, -5*q + 0 - 370 = -2*p. Calculate the highest common divisor of 4255 and p.
185
Let w(q) = 62*q**2 + 7*q + 2. Let t be w(-3). Suppose x = 4*r + 239, -r - 732 = -5*x + t. What is the highest common divisor of x and 15?
15
Suppose 190*g - 140969 = -39172 + 123353. Calculate the greatest common divisor of g and 690.
15
Let a be (-35)/7 - (6 + -12 - 134). What is the greatest common divisor of 165 and a?
15
Let l be (-64)/(-6)*168/16. Let m be (l/(-2))/(-2) - (-79 - -81). What is the highest common divisor of m and 65?
13
Let u = 1476 - 1467. What is the highest common divisor of u and 4527?
9
Let f(l) = 2*l**2 + 4*l - 2. Let c be f(-6). Let t = 17182 + -16791. Calculate the greatest common factor of t and c.
23
Suppose 2156*w = 2114*w + 882. Calculate the highest common factor of w and 19131.
21
Let p(o) = o**3 + o**2 - o + 459. Let k be p(0). Let v be -1 + (17955/k - (-4)/(-34)). Calculate the highest common divisor of v and 57.
19
Suppose -28*b - 17395 = -33*b + 5*i, 2*b = -5*i + 6951. What is the highest common factor of b and 94?
94
Let i be ((-6)/(60/695))/(2/((-12)/3)). What is the greatest common divisor of 8 and i?
1
Let k be 0 - (-2 - -1) - (-33 + 29). Let c be k*(-20)/(-6)*(-66)/(-55). What is the highest common factor of 8 and c?
4
Suppose 14*h - 34674 = -7374. What is the greatest common divisor of h and 819?
39
Let c(z) = 2820*z + 67706. Let b be c(-24). Let t = -583 + 1028. Let j = t + -263. Calculate the highest common divisor of j and b.
26
Let g = 5197 + -3902. Calculate the highest common divisor of 175 and g.
35
Let l(p) = -6*p**2 + 4 + 59*p + 19*p**2 - 97*p + 66*p. Let u be l(-5). Calculate the highest common divisor of 18 and u.
9
Suppose 2*i + 6187 - 55 = 4*p, -i - 4600 = -3*p. What is the highest common factor of 182 and p?
26
Let r = -223 + 221. Let h(m) = -10*m - 9. Let q be h(r). Suppose -2*a = -5*a + 297. What is the greatest common factor of a and q?
11
Suppose 0 = 73*i - 35447 - 66972. Calculate the greatest common divisor of 61 and i.
61
Suppose 0 = -j - 2 + 8. Suppose 6*p - 31 + 1 = 0. Suppose -o - 3*o = -3*f + 20, p*f - 22 = o. What is the highest common factor of f and j?
2
Suppose -2*n + 76 = 5*k, 17*n = 16*n - 5*k + 43. What is the highest common factor of 21219 and n?
33
Let v be (27/(-4))/((-5)/((-1200)/(-12))). Suppose -2*p + 5*k + 429 = p, -k + v = p. Calculate the highest common factor of p and 92.
46
Let r be 48/72*((-168)/(-4) + 3). What is the greatest common divisor of r and 13890?
30
Let t = -16 + 19. Suppose 2*s = -t*s + 50. Suppose -3 = -i, s = 5*k - 2*i - 24. Calculate the highest common divisor of 20 and k.
4
Suppose 0 = -h + 4*h - 6. Suppose 0 = v + 123 - 139. Suppose -2*z - 24 = -6*z + 4*g, 3*z - h*g = v. Calculate the highest common divisor of 4 and z.
4
Let d be (2 + 1)*(0 - 23/(-3)). Let n(j) = j**3 + 15*j**2 + 2*j + 16. Let x be n(-14). What is the highest common divisor of d and x?
23
Suppose 1233 = 2*x - 233. Let y = 734 - x. Suppose -3*b - 1 = -16. What is the greatest common factor of b and y?
1
Suppose v + 2*l = 33 - 7, 0 = 3*v + 4*l - 68. Let f = 6658 - 6654. Suppose -q + f*a + v = -1, -5*q - 3*a = -39. Calculate the highest common factor of q and 3.
3
Suppose 5*c - 8*j + 7*j = 20, j + 5 = 0. Let u be (-1)/(-4) + (-131)/(-4). What is the greatest common divisor of u and c?
3
Suppose 480*d - 2479 = 477*d - 4*b, 0 = -5*d + b + 4124. What is the highest common factor of 270 and d?
15
Let a be 33/1 + (396/22 - 25). Let m = -15 + 41. Calculate the greatest common divisor of a and m.
26
Let l be 2/13 - (20 + (-2143)/13). Calculate the highest common factor of l and 6264.
29
Suppose 0 = -16*p + 4*p + 4368. Suppose -16*h = -2*h - p. Calculate the highest common divisor of 182 and h.
26
Let j be 615/36 - (6 + (-497)/84). Let d = 161 + -8. Calculate the greatest common divisor of j and d.
17
Let y be (2 + 3)*-7*(-20)/(-25). Let b = y + 344. Suppose 6*q - 14 = b. Calculate the greatest common factor of q and 33.
11
Suppose -3*u + 322 = -8. Let d = 902 - 444. Let t = d - 436. What is the highest common factor of t and u?
22
Let r be (-55)/(-330) - ((-3218)/(-12) - 0). Let c be (-25)/(-75) + r/(-6). What is the highest common factor of 45 and c?
45
Let t(b) = -32*b**2 + 4*b + 3950. Let s be t(0). What is the greatest common factor of 15 and s?
5
Let f(m) = 37*m + 11*m**2 - 2*m - 2*m - 112 - 2*m + 49*m**2. Let x be f(4). What is the highest common divisor of x and 12?
12
Suppose 0 = -16*f + 433 + 2175. Let x = f - 67. What is the greatest common divisor of 160 and x?
32
Suppose -12*j - 2472 = 432. Let a = -232 - j. Calculate the greatest common divisor of 30 and a.
10
Let f = 4038 + -2160. Suppose -4*q - 3475 + 8787 = 0. Let s = f - q. What is the greatest common divisor of s and 50?
50
Let l = 5246 - 5072. Calculate the greatest common divisor of l and 5829.
87
Suppose 3*t - 70*v - 29605 = -75*v, 5*v + 39485 = 4*t. What is the greatest common factor of 630 and t?
210
Let 